atest common factor of c and a.
14
Let x = 28 - 14. Let r = 2333 + -2221. What is the highest common divisor of x and r?
14
Let k(x) = -x**2 - 23*x - 73. Let g be k(-17). What is the greatest common divisor of g and 145?
29
Let l(f) = 2*f**2 + 34*f - 21. Let c be l(-18). What is the highest common divisor of c and 129?
3
Let v(u) = -u**3 - u**2 + 6*u + 3. Let z be v(-3). Suppose 47 = z*m - 4. Calculate the highest common factor of 17 and m.
17
Let g be 1/(-5) + -33*(-4)/60. Suppose -2*m + 177 = a, 2*m = -g*a - 0*a + 174. Calculate the greatest common divisor of m and 20.
10
Let y be 8*-2 - 12/(-3). Let v be (y/(-16))/((-6)/(-16)). Let w = -9 + 31. What is the highest common divisor of v and w?
2
Suppose 5*a - 134 = -4*x, -2*a + 2*x = -x - 72. Let j = a + -13. Calculate the greatest common divisor of j and 102.
17
Let z = -69 + 146. Suppose 3*i + z = 149. What is the highest common divisor of i and 168?
24
Suppose 2*j = 4*j - 2. Let f be (-15 - j)*(-7)/14. What is the highest common factor of 24 and f?
8
Let j(q) = -483*q - 10. Let v be j(-1). What is the highest common divisor of v and 43?
43
Suppose 3*x + 4*p - 6 = 0, 0 = -4*p - 15 + 3. Suppose z - 4*s = 22, 0 = s - 1 + x. What is the highest common factor of z and 10?
2
Let m be 4/(-1 + (-11)/(-9)). Let i = 54 - m. Let l be 6/(8/3 - 2). Calculate the greatest common factor of i and l.
9
Let f(w) = -w**3 - 20*w**2 + 153*w - 21. Let t be f(-26). Calculate the greatest common factor of 133 and t.
19
Let n(j) = -j**2 + 14*j + 29. Let p be n(18). Let r = p + 56. What is the highest common factor of 117 and r?
13
Let c be -17*((-4)/6 - 2/6). Suppose 6*h = c*h - 209. Calculate the highest common factor of h and 19.
19
Let t be -5 + -2 + -4 + 18. Calculate the greatest common factor of 28 and t.
7
Let i = 267 + -179. What is the highest common factor of i and 11?
11
Suppose 18*l - 6307 = 821. What is the highest common factor of l and 24?
12
Suppose u - 10 = 3*u. Let l(a) = -a**3 - 5*a**2 + a + 1. Let q be l(u). Let x = 17 + q. Calculate the highest common factor of 26 and x.
13
Let i(n) = 4*n**2 + 28*n + 2. Let j be i(-8). Suppose -32*r = -j*r + 294. What is the greatest common factor of r and 21?
21
Let n be ((-4)/10)/(8/(-40)). Suppose 0 = 2*f + f - 5*x - 37, -n*f = -x - 13. Calculate the highest common factor of f and 2.
2
Let g be ((-2)/4)/(3/66). Let c = g - -16. Suppose 3*r + c*z - 53 = 0, -r + z + 17 = 2*z. Calculate the greatest common divisor of 64 and r.
16
Let q(n) = 8*n**2 + 2*n. Let y be q(-2). Let z be (-95)/(-3) - 32/48. Suppose -z*p + 210 = -26*p. What is the greatest common divisor of y and p?
14
Let z = -19 + 30. Calculate the greatest common divisor of 1606 and z.
11
Suppose -5*i = -20, 130 = 5*x - 2*i - 2. Let o be (-28)/2*(-6)/(-4). Let r be (-4 - -3)/(3/o). What is the highest common divisor of x and r?
7
Let z be 14/(-63) - (4486/(-18) - 4). Calculate the highest common divisor of z and 46.
23
Suppose 0 = -57*a + 66048 - 10473. Calculate the highest common divisor of a and 5.
5
Let d = -95 - -99. Let z(s) = 12*s**2 - s + 1. Let u = 0 + 1. Let c be z(u). What is the greatest common factor of d and c?
4
Let k be -2*(-1 + 3) - (-72 + 0). Suppose -50 = 2*q - q. Let p = -33 - q. Calculate the highest common divisor of p and k.
17
Let p = -8 - -17. Let i be p*(1 - 0)*1. Let z = 111 - 66. What is the highest common factor of i and z?
9
Let p = 2081 - 1067. Calculate the highest common divisor of 78 and p.
78
Let n(d) = 360*d**2 - 7*d - 3. Let k be n(-1). Calculate the greatest common divisor of 637 and k.
91
Suppose -24*r + 12*r = -24. Calculate the highest common divisor of r and 16.
2
Suppose 1234 = -92*d + 9974. What is the highest common factor of 20 and d?
5
Let m = -70 - -225. Calculate the highest common divisor of m and 62.
31
Let m(c) = -9*c - 2. Let k be m(-1). Suppose -31 = -3*v - k. Let b(r) = -r**2 + 11*r - 12. Let x be b(v). What is the highest common factor of x and 12?
12
Suppose 0 = -a + 4 + 239. Let m be 22 - ((-92)/16 + (-6)/(-8)). Calculate the highest common divisor of m and a.
27
Let s(p) = -p**2 + p + 66. Let b be s(0). Let x = -219 + 384. What is the highest common factor of b and x?
33
Let l be 81 - (-1 - (-6 + 2)). Suppose 4*t + 52 = 2*b, -l = -3*b - t + 4*t. Calculate the greatest common factor of b and 208.
26
Let l be 4/(-6) + (-182)/(-39). Let a be (-14)/21*(-2 + 2/l). What is the greatest common divisor of a and 1?
1
Suppose 2*l + s - 897 = 0, 13*l + s - 1345 = 10*l. Calculate the greatest common factor of l and 16.
16
Suppose 3*d = 2*x - 108, 1 = 2*x + d - 91. Calculate the greatest common divisor of x and 30.
6
Let z = -868 - -946. Calculate the greatest common factor of 117 and z.
39
Let s(g) = 33*g**2 + 13*g - 6. Let v(z) = 17*z**2 + 7*z - 3. Let f(u) = 6*s(u) - 11*v(u). Let c be f(3). Calculate the greatest common factor of 11 and c.
11
Suppose 48*m - 71 = 25. What is the greatest common divisor of 104 and m?
2
Suppose 138 = -170*y + 173*y. What is the greatest common divisor of 184 and y?
46
Let p(x) = 2*x**2 + 11*x - 4. Let f be p(-8). Let u(o) = 4*o + 8. Let w be u(-5). Let t = 16 + w. What is the highest common divisor of t and f?
4
Let z(k) = 0*k**2 + 4*k - 2*k**2 - 6*k + 2 + 5*k. Let t be z(-9). Let q be 6/(-2) + 1 - t. Calculate the highest common factor of 74 and q.
37
Let g(f) = -f**3 + 6*f**2 + 11*f - 14. Let n be g(7). Calculate the greatest common divisor of n and 126.
14
Let n = 2927 + -1935. Calculate the highest common divisor of n and 32.
32
Let r be (-3055)/141*24/(-20). What is the highest common factor of r and 16?
2
Let r be (3*(-8)/14)/(2/(-7)). Let z = -4 + r. Let y be 5/(-3)*(-5 - -2). Calculate the highest common divisor of y and z.
1
Suppose -40*b = -45*b + 565. Calculate the greatest common factor of 791 and b.
113
Let n(s) = 2*s + 25. Let m be n(-11). Let h be (-3 - m)*13/(-2). Suppose 17 = 4*y - h. Calculate the highest common factor of y and 154.
14
Suppose 42 = -4*z - 2. Let j be (-1 - -2)/(z/(-1694)). Let q(f) = 15*f**2 - f. Let a be q(1). What is the greatest common factor of a and j?
14
Let x = 339 - 333. Calculate the greatest common divisor of 54 and x.
6
Suppose 5*i + 495 = 16*i. What is the highest common factor of i and 63?
9
Suppose 0 = -9*p + 7*p + 74. Suppose 4*b = -3*a + p + 4, 0 = -4*a - 4*b + 48. Calculate the highest common factor of 2 and a.
1
Let c(y) = -8*y + 51. Let z be c(6). Calculate the highest common divisor of 75 and z.
3
Let j(s) = -s**3 + 6*s**2 - 6*s - 5. Let d be j(4). Suppose -6*r + 7 = c - 2*r, -d*r = -c + 7. What is the highest common factor of 49 and c?
7
Suppose 4*w + 2*k = 102, -41 = -2*w + 5*k + 16. Suppose w = 11*a - 62. Calculate the greatest common factor of a and 72.
8
Let k(t) = t**3 - 55*t**2 + 5*t - 41. Let s be k(55). Calculate the highest common divisor of 54 and s.
18
Let t be (-5)/((-40)/(-236))*-2. What is the highest common divisor of t and 708?
59
Let i = 54 + -22. Let m = -726 - -734. Calculate the highest common divisor of i and m.
8
Let j = 2079 + -1273. What is the highest common divisor of 124 and j?
62
Let a = 6597 + -4536. Calculate the greatest common divisor of a and 9.
9
Suppose -i = 0, -5*n + i - 30 = -3*i. Let r be n/(-8) - 33/44. Suppose 3*o = 2*x + 210, -219 = -3*o - x - r*x. Calculate the greatest common factor of o and 9.
9
Let f = 0 + 3. Suppose 0 = -z + f*z - 4. Let t be -2 + z + -2 - -10. Calculate the highest common divisor of t and 88.
8
Suppose 0 = -0*r - 3*r - 57. Let p = r + -144. Let y be p/(-3) + (-4)/12. Calculate the highest common divisor of y and 18.
18
Let o = 795 - 779. Let h = -5 - -21. Calculate the highest common factor of h and o.
16
Let m(t) = -t + 18. Let d be m(12). Let j be (78/5)/(d*(-6)/(-240)). What is the highest common factor of 13 and j?
13
Suppose -36 = -5*n + 74. Let s = n + -21. What is the greatest common factor of 7 and s?
1
Let v(m) = -181*m**3 + 2*m**2 + m. Let s be v(-1). Let n = 317 - s. Let x be ((1650/(-40))/11)/(2/(-8)). What is the greatest common divisor of x and n?
15
Let o be 36/(-10)*(-10)/6. Suppose o*f = 179 - 47. Calculate the greatest common factor of 22 and f.
22
Suppose -46 = -8*q + 6*q. Let a(v) = 2*v**3 - 9*v. Let n be a(4). What is the greatest common factor of n and q?
23
Let l = 65 + -63. Su